{"id":63,"date":"2024-11-29T16:14:10","date_gmt":"2024-11-29T19:14:10","guid":{"rendered":"http:\/\/lealbsb.com.br\/?page_id=63"},"modified":"2025-08-27T13:41:15","modified_gmt":"2025-08-27T16:41:15","slug":"home","status":"publish","type":"page","link":"https:\/\/lealbsb.com.br\/","title":{"rendered":"Home"},"content":{"rendered":"\t\t<div data-elementor-type=\"wp-page\" data-elementor-id=\"63\" class=\"elementor elementor-63\" data-elementor-post-type=\"page\">\n\t\t\t\t<div class=\"elementor-element elementor-element-39b3102e e-con-full e-flex e-con e-parent\" data-id=\"39b3102e\" data-element_type=\"container\" data-settings=\"{&quot;background_background&quot;:&quot;classic&quot;}\">\n\t\t\t\t<div class=\"elementor-element elementor-element-7135770b elementor-widget elementor-widget-heading\" data-id=\"7135770b\" data-element_type=\"widget\" data-widget_type=\"heading.default\">\n\t\t\t\t<div class=\"elementor-widget-container\">\n\t\t\t\t\t<h1 class=\"elementor-heading-title elementor-size-default\">Dificuldades financeiras?\nO que podemos fazer por voc\u00ea hoje?<\/h1>\t\t\t\t<\/div>\n\t\t\t\t<\/div>\n\t\t\t\t<div class=\"elementor-element elementor-element-39e00e39 elementor-widget elementor-widget-heading\" data-id=\"39e00e39\" data-element_type=\"widget\" data-widget_type=\"heading.default\">\n\t\t\t\t<div class=\"elementor-widget-container\">\n\t\t\t\t\t<h5 class=\"elementor-heading-title elementor-size-default\">A <b>Leal Assessoria<\/b> \u00e9 reconhecida por sua excel\u00eancia na recupera\u00e7\u00e3o de cr\u00e9dito, atuando com \u00e9tica e resultados desde 1981. Al\u00e9m dessa especialidade, expandimos nossa atua\u00e7\u00e3o para oferecer solu\u00e7\u00f5es financeiras exclusivas em parceria com o Mercado Pago.<span style=\"background-color: var( --e-global-color-primary );color: var( --e-global-color-secondary );font-family: var( --e-global-typography-c05b693-font-family ), Sans-serif;font-size: var( --e-global-typography-c05b693-font-size );font-style: var( --e-global-typography-c05b693-font-style );font-weight: var( --e-global-typography-c05b693-font-weight );letter-spacing: var( --e-global-typography-c05b693-letter-spacing );text-transform: var( --e-global-typography-c05b693-text-transform )\"><\/span><\/h5>\t\t\t\t<\/div>\n\t\t\t\t<\/div>\n\t\t\t\t<div class=\"elementor-element elementor-element-1d79a52f elementor-align-center elementor-widget elementor-widget-button\" data-id=\"1d79a52f\" data-element_type=\"widget\" data-widget_type=\"button.default\">\n\t\t\t\t<div class=\"elementor-widget-container\">\n\t\t\t\t\t\t\t\t\t<div class=\"elementor-button-wrapper\">\n\t\t\t\t\t<a class=\"elementor-button elementor-button-link elementor-size-sm\" href=\"https:\/\/lealbsb.com.br\/?page_id=47\">\n\t\t\t\t\t\t<span class=\"elementor-button-content-wrapper\">\n\t\t\t\t\t\t\t\t\t<span class=\"elementor-button-text\">Fale conosco<\/span>\n\t\t\t\t\t<\/span>\n\t\t\t\t\t<\/a>\n\t\t\t\t<\/div>\n\t\t\t\t\t\t\t\t<\/div>\n\t\t\t\t<\/div>\n\t\t\t\t<div class=\"elementor-element elementor-element-dbb98c2 elementor-align-center elementor-widget elementor-widget-button\" data-id=\"dbb98c2\" data-element_type=\"widget\" data-widget_type=\"button.default\">\n\t\t\t\t<div class=\"elementor-widget-container\">\n\t\t\t\t\t\t\t\t\t<div class=\"elementor-button-wrapper\">\n\t\t\t\t\t<a class=\"elementor-button elementor-button-link elementor-size-sm\" href=\"http:\/\/negocie.lealbsb.com.br\/\">\n\t\t\t\t\t\t<span class=\"elementor-button-content-wrapper\">\n\t\t\t\t\t\t\t\t\t<span class=\"elementor-button-text\">Negocie agora<\/span>\n\t\t\t\t\t<\/span>\n\t\t\t\t\t<\/a>\n\t\t\t\t<\/div>\n\t\t\t\t\t\t\t\t<\/div>\n\t\t\t\t<\/div>\n\t\t\t\t<\/div>\n\t\t<div class=\"elementor-element elementor-element-2b2beba8 e-flex e-con-boxed e-con e-parent\" data-id=\"2b2beba8\" data-element_type=\"container\">\n\t\t\t\t\t<div class=\"e-con-inner\">\n\t\t<div class=\"elementor-element elementor-element-25b3a2c5 e-con-full e-flex e-con e-child\" data-id=\"25b3a2c5\" data-element_type=\"container\">\n\t\t\t\t<div class=\"elementor-element elementor-element-67fdea72 elementor-widget elementor-widget-heading\" data-id=\"67fdea72\" data-element_type=\"widget\" data-widget_type=\"heading.default\">\n\t\t\t\t<div class=\"elementor-widget-container\">\n\t\t\t\t\t<h2 class=\"elementor-heading-title elementor-size-default\">Nossos parceiros<\/h2>\t\t\t\t<\/div>\n\t\t\t\t<\/div>\n\t\t\t\t<div class=\"elementor-element elementor-element-7fc1e434 elementor-widget elementor-widget-heading\" data-id=\"7fc1e434\" data-element_type=\"widget\" data-widget_type=\"heading.default\">\n\t\t\t\t<div class=\"elementor-widget-container\">\n\t\t\t\t\t<h5 class=\"elementor-heading-title elementor-size-default\">Marcas que confiam em nosso trabalho<\/h5>\t\t\t\t<\/div>\n\t\t\t\t<\/div>\n\t\t\t\t<\/div>\n\t\t<div class=\"elementor-element elementor-element-48485263 e-con-full e-flex e-con e-child\" data-id=\"48485263\" data-element_type=\"container\">\n\t\t\t\t<div class=\"elementor-element elementor-element-50cfbb1b elementor-widget-tablet__width-initial elementor-widget-mobile__width-inherit elementor-widget__width-initial elementor-position-top elementor-widget elementor-widget-image-box\" data-id=\"50cfbb1b\" data-element_type=\"widget\" data-widget_type=\"image-box.default\">\n\t\t\t\t<div class=\"elementor-widget-container\">\n\t\t\t\t\t<div class=\"elementor-image-box-wrapper\"><figure class=\"elementor-image-box-img\"><a href=\"http:\/\/negocie.lealbsb.com.br\/\" tabindex=\"-1\"><img fetchpriority=\"high\" decoding=\"async\" width=\"704\" height=\"704\" src=\"https:\/\/lealbsb.com.br\/wp-content\/uploads\/2024\/12\/negociar-divida-recovery-1-1.jpg\" class=\"elementor-animation-grow attachment-full size-full wp-image-338\" alt=\"\" srcset=\"https:\/\/lealbsb.com.br\/wp-content\/uploads\/2024\/12\/negociar-divida-recovery-1-1.jpg 704w, https:\/\/lealbsb.com.br\/wp-content\/uploads\/2024\/12\/negociar-divida-recovery-1-1-300x300.jpg 300w, https:\/\/lealbsb.com.br\/wp-content\/uploads\/2024\/12\/negociar-divida-recovery-1-1-150x150.jpg 150w\" sizes=\"(max-width: 704px) 100vw, 704px\" \/><\/a><\/figure><div class=\"elementor-image-box-content\"><p class=\"elementor-image-box-description\">A Recovery \u00e9 uma empresa especializada na regulariza\u00e7\u00e3o de d\u00edvidas de consumidores e empresas. Atuamos na gest\u00e3o de cr\u00e9ditos receb\u00edveis, tendo como foco principal a gest\u00e3o de cr\u00e9ditos em atraso<\/p><\/div><\/div>\t\t\t\t<\/div>\n\t\t\t\t<\/div>\n\t\t\t\t<div class=\"elementor-element elementor-element-64803ab5 elementor-widget-tablet__width-initial elementor-widget-mobile__width-inherit elementor-widget__width-initial elementor-position-top elementor-widget elementor-widget-image-box\" data-id=\"64803ab5\" data-element_type=\"widget\" data-widget_type=\"image-box.default\">\n\t\t\t\t<div class=\"elementor-widget-container\">\n\t\t\t\t\t<div class=\"elementor-image-box-wrapper\"><figure class=\"elementor-image-box-img\"><a href=\"https:\/\/renegocie.bancopan.com.br\/\" tabindex=\"-1\"><img decoding=\"async\" width=\"6915\" height=\"6915\" src=\"https:\/\/lealbsb.com.br\/wp-content\/uploads\/2024\/12\/Bancopanlogo-1.png\" class=\"elementor-animation-grow attachment-full size-full wp-image-339\" alt=\"\" srcset=\"https:\/\/lealbsb.com.br\/wp-content\/uploads\/2024\/12\/Bancopanlogo-1.png 6915w, https:\/\/lealbsb.com.br\/wp-content\/uploads\/2024\/12\/Bancopanlogo-1-300x300.png 300w, https:\/\/lealbsb.com.br\/wp-content\/uploads\/2024\/12\/Bancopanlogo-1-1024x1024.png 1024w, https:\/\/lealbsb.com.br\/wp-content\/uploads\/2024\/12\/Bancopanlogo-1-150x150.png 150w, https:\/\/lealbsb.com.br\/wp-content\/uploads\/2024\/12\/Bancopanlogo-1-768x768.png 768w, https:\/\/lealbsb.com.br\/wp-content\/uploads\/2024\/12\/Bancopanlogo-1-1536x1536.png 1536w, https:\/\/lealbsb.com.br\/wp-content\/uploads\/2024\/12\/Bancopanlogo-1-2048x2048.png 2048w\" sizes=\"(max-width: 6915px) 100vw, 6915px\" \/><\/a><\/figure><div class=\"elementor-image-box-content\"><p class=\"elementor-image-box-description\">Banco PAN \u00e9 um banco brasileiro com sede em S\u00e3o Paulo, controlado pelo BTG Pactual e pela Caixa Econ\u00f4mica Federal. Atua nas \u00e1reas de cart\u00f5es de cr\u00e9dito, cr\u00e9dito consignado, financiamento de ve\u00edculos, investimentos de renda fixa e banco digital.<\/p><\/div><\/div>\t\t\t\t<\/div>\n\t\t\t\t<\/div>\n\t\t\t\t<div class=\"elementor-element elementor-element-3538b6ef elementor-widget-tablet__width-initial elementor-widget-mobile__width-inherit elementor-widget__width-initial elementor-position-top elementor-widget elementor-widget-image-box\" data-id=\"3538b6ef\" data-element_type=\"widget\" data-widget_type=\"image-box.default\">\n\t\t\t\t<div class=\"elementor-widget-container\">\n\t\t\t\t\t<div class=\"elementor-image-box-wrapper\"><figure class=\"elementor-image-box-img\"><a href=\"https:\/\/www.negocieipanema.com.br\/\" tabindex=\"-1\"><img decoding=\"async\" width=\"500\" height=\"500\" src=\"https:\/\/lealbsb.com.br\/wp-content\/uploads\/2024\/12\/1631311537570.jpg\" class=\"elementor-animation-grow attachment-full size-full wp-image-343\" alt=\"\" srcset=\"https:\/\/lealbsb.com.br\/wp-content\/uploads\/2024\/12\/1631311537570.jpg 500w, https:\/\/lealbsb.com.br\/wp-content\/uploads\/2024\/12\/1631311537570-300x300.jpg 300w, https:\/\/lealbsb.com.br\/wp-content\/uploads\/2024\/12\/1631311537570-150x150.jpg 150w\" sizes=\"(max-width: 500px) 100vw, 500px\" \/><\/a><\/figure><div class=\"elementor-image-box-content\"><p class=\"elementor-image-box-description\">A Return entrou no mercado com um objetivo claro: democratizar o acesso ao conhecimento de mercado de cr\u00e9dito n\u00e3o produtivo. Sempre houve o entendimento de que essa era uma \u00e1rea de enorme potencial e que havia muito espa\u00e7o para crescer.<\/p><\/div><\/div>\t\t\t\t<\/div>\n\t\t\t\t<\/div>\n\t\t\t\t<div class=\"elementor-element elementor-element-7d66454f elementor-widget-tablet__width-initial elementor-widget-mobile__width-inherit elementor-widget__width-initial elementor-position-top elementor-widget elementor-widget-image-box\" data-id=\"7d66454f\" data-element_type=\"widget\" data-widget_type=\"image-box.default\">\n\t\t\t\t<div class=\"elementor-widget-container\">\n\t\t\t\t\t<div class=\"elementor-image-box-wrapper\"><figure class=\"elementor-image-box-img\"><a href=\"https:\/\/divzero.com.br\/Home\" tabindex=\"-1\"><img loading=\"lazy\" decoding=\"async\" width=\"500\" height=\"500\" src=\"https:\/\/lealbsb.com.br\/wp-content\/uploads\/2024\/12\/divzero_cor-1-1.png\" class=\"elementor-animation-grow attachment-full size-full wp-image-347\" alt=\"\" srcset=\"https:\/\/lealbsb.com.br\/wp-content\/uploads\/2024\/12\/divzero_cor-1-1.png 500w, https:\/\/lealbsb.com.br\/wp-content\/uploads\/2024\/12\/divzero_cor-1-1-300x300.png 300w, https:\/\/lealbsb.com.br\/wp-content\/uploads\/2024\/12\/divzero_cor-1-1-150x150.png 150w\" sizes=\"(max-width: 500px) 100vw, 500px\" \/><\/a><\/figure><div class=\"elementor-image-box-content\"><p class=\"elementor-image-box-description\">A Divzero \u00e9 um portal de negocia\u00e7\u00e3o parceiro do Banco Bradesco. N\u00f3s oferecemos solu\u00e7\u00f5es incr\u00edveis para que voc\u00ea quite a sua d\u00edvida de maneira r\u00e1pida, f\u00e1cil e sem burocracia!<\/p><\/div><\/div>\t\t\t\t<\/div>\n\t\t\t\t<\/div>\n\t\t\t\t<div class=\"elementor-element elementor-element-410601a elementor-widget-tablet__width-initial elementor-widget-mobile__width-inherit elementor-widget__width-initial elementor-position-top elementor-widget elementor-widget-image-box\" data-id=\"410601a\" data-element_type=\"widget\" data-widget_type=\"image-box.default\">\n\t\t\t\t<div class=\"elementor-widget-container\">\n\t\t\t\t\t<div class=\"elementor-image-box-wrapper\"><figure class=\"elementor-image-box-img\"><a href=\"https:\/\/www.mercadopago.com.br\/mp-card\/credit\" tabindex=\"-1\"><img loading=\"lazy\" decoding=\"async\" width=\"500\" height=\"500\" src=\"https:\/\/lealbsb.com.br\/wp-content\/uploads\/2024\/12\/mercado-pago-logo-8-1.png\" class=\"elementor-animation-grow attachment-full size-full wp-image-348\" alt=\"\" srcset=\"https:\/\/lealbsb.com.br\/wp-content\/uploads\/2024\/12\/mercado-pago-logo-8-1.png 500w, https:\/\/lealbsb.com.br\/wp-content\/uploads\/2024\/12\/mercado-pago-logo-8-1-300x300.png 300w, https:\/\/lealbsb.com.br\/wp-content\/uploads\/2024\/12\/mercado-pago-logo-8-1-150x150.png 150w\" sizes=\"(max-width: 500px) 100vw, 500px\" \/><\/a><\/figure><div class=\"elementor-image-box-content\"><p class=\"elementor-image-box-description\">O Mercado Pago \u00e9 uma solu\u00e7\u00e3o do Mercado Livre semelhante a uma carteira digital, mas que tamb\u00e9m oferece outros recursos<\/p><\/div><\/div>\t\t\t\t<\/div>\n\t\t\t\t<\/div>\n\t\t\t\t<div class=\"elementor-element elementor-element-80510d0 elementor-widget-tablet__width-initial elementor-widget-mobile__width-inherit elementor-widget__width-initial elementor-position-top elementor-widget elementor-widget-image-box\" data-id=\"80510d0\" data-element_type=\"widget\" data-widget_type=\"image-box.default\">\n\t\t\t\t<div class=\"elementor-widget-container\">\n\t\t\t\t\t<div class=\"elementor-image-box-wrapper\"><figure class=\"elementor-image-box-img\"><a href=\"https:\/\/renegocie.arc4ucapital.com\/\" tabindex=\"-1\"><img loading=\"lazy\" decoding=\"async\" width=\"500\" height=\"500\" src=\"https:\/\/lealbsb.com.br\/wp-content\/uploads\/2024\/12\/images-2-1.png\" class=\"elementor-animation-grow attachment-full size-full wp-image-349\" alt=\"\" srcset=\"https:\/\/lealbsb.com.br\/wp-content\/uploads\/2024\/12\/images-2-1.png 500w, https:\/\/lealbsb.com.br\/wp-content\/uploads\/2024\/12\/images-2-1-300x300.png 300w, https:\/\/lealbsb.com.br\/wp-content\/uploads\/2024\/12\/images-2-1-150x150.png 150w\" sizes=\"(max-width: 500px) 100vw, 500px\" \/><\/a><\/figure><div class=\"elementor-image-box-content\"><p class=\"elementor-image-box-description\">A ARC4 \u00e9 uma empresa que tem como valores alcan\u00e7ar resultados positivos para nossos clientes e parceiros, manter um alto comprometimento com a excel\u00eancia em nossos servi\u00e7os e estabelecer a credibilidade e confian\u00e7a que s\u00e3o essenciais em nosso setor.<\/p><\/div><\/div>\t\t\t\t<\/div>\n\t\t\t\t<\/div>\n\t\t\t\t<div class=\"elementor-element elementor-element-58eaf0a elementor-widget-tablet__width-initial elementor-widget-mobile__width-inherit elementor-widget__width-initial elementor-position-top elementor-widget elementor-widget-image-box\" data-id=\"58eaf0a\" data-element_type=\"widget\" data-widget_type=\"image-box.default\">\n\t\t\t\t<div class=\"elementor-widget-container\">\n\t\t\t\t\t<div class=\"elementor-image-box-wrapper\"><figure class=\"elementor-image-box-img\"><a href=\"https:\/\/www.serasa.com.br\/entrar?product=portal&#038;redirectUrl=\/area-cliente\/\" tabindex=\"-1\"><img decoding=\"async\" src=\"https:\/\/blog.suitebras.com\/content\/images\/2024\/07\/Suitebras-Logo-Serasa-1.jpg\" title=\"\" alt=\"\" class=\"elementor-animation-grow\" loading=\"lazy\" \/><\/a><\/figure><div class=\"elementor-image-box-content\"><p class=\"elementor-image-box-description\">O Serasa \u00e9 uma das principais empresas de solu\u00e7\u00f5es de cr\u00e9dito e dados do Brasil, oferecendo servi\u00e7os para an\u00e1lise de risco, prote\u00e7\u00e3o contra fraudes e apoio \u00e0 tomada de decis\u00f5es financeiras.<\/p><\/div><\/div>\t\t\t\t<\/div>\n\t\t\t\t<\/div>\n\t\t\t\t<\/div>\n\t\t\t\t<div class=\"elementor-element elementor-element-45fadfad elementor-align-center elementor-widget-mobile__width-inherit elementor-invisible elementor-widget elementor-widget-button\" data-id=\"45fadfad\" data-element_type=\"widget\" data-settings=\"{&quot;_animation&quot;:&quot;fadeInDown&quot;}\" data-widget_type=\"button.default\">\n\t\t\t\t<div class=\"elementor-widget-container\">\n\t\t\t\t\t\t\t\t\t<div class=\"elementor-button-wrapper\">\n\t\t\t\t\t<a class=\"elementor-button elementor-button-link elementor-size-sm\" href=\"https:\/\/lealbsb.com.br\/?page_id=51\">\n\t\t\t\t\t\t<span class=\"elementor-button-content-wrapper\">\n\t\t\t\t\t\t\t\t\t<span class=\"elementor-button-text\">Veja nossa estrutura<\/span>\n\t\t\t\t\t<\/span>\n\t\t\t\t\t<\/a>\n\t\t\t\t<\/div>\n\t\t\t\t\t\t\t\t<\/div>\n\t\t\t\t<\/div>\n\t\t<div class=\"elementor-element elementor-element-a81537e e-con-full e-flex e-con e-child\" data-id=\"a81537e\" data-element_type=\"container\">\n\t\t\t\t<div class=\"elementor-element elementor-element-5f2fce5 elementor-widget elementor-widget-heading\" data-id=\"5f2fce5\" data-element_type=\"widget\" data-widget_type=\"heading.default\">\n\t\t\t\t<div class=\"elementor-widget-container\">\n\t\t\t\t\t<h2 class=\"elementor-heading-title elementor-size-default\">Negocie seu d\u00e9bito aproveitando as melhores condi\u00e7\u00f5es dispon\u00edveis com:<\/h2>\t\t\t\t<\/div>\n\t\t\t\t<\/div>\n\t\t\t\t<div class=\"elementor-element elementor-element-953ee08 elementor-arrows-position-inside elementor-pagination-position-outside elementor-widget elementor-widget-image-carousel\" data-id=\"953ee08\" data-element_type=\"widget\" data-settings=\"{&quot;autoplay_speed&quot;:2000,&quot;navigation&quot;:&quot;both&quot;,&quot;autoplay&quot;:&quot;yes&quot;,&quot;pause_on_hover&quot;:&quot;yes&quot;,&quot;pause_on_interaction&quot;:&quot;yes&quot;,&quot;infinite&quot;:&quot;yes&quot;,&quot;speed&quot;:500}\" data-widget_type=\"image-carousel.default\">\n\t\t\t\t<div class=\"elementor-widget-container\">\n\t\t\t\t\t\t\t<div class=\"elementor-image-carousel-wrapper swiper\" role=\"region\" aria-roledescription=\"carousel\" aria-label=\"Carrossel de imagens\" dir=\"ltr\">\n\t\t\t<div class=\"elementor-image-carousel swiper-wrapper\" aria-live=\"off\">\n\t\t\t\t\t\t\t\t<div class=\"swiper-slide\" role=\"group\" aria-roledescription=\"slide\" aria-label=\"1 de 6\"><figure class=\"swiper-slide-inner\"><img decoding=\"async\" class=\"swiper-slide-image\" src=\"https:\/\/lealbsb.com.br\/wp-content\/uploads\/2024\/12\/WhatsApp-Image-2024-11-29-at-16.04.33-1-150x150.jpeg\" alt=\"WhatsApp Image 2024-11-29 at 16.04.33 (1)\" \/><\/figure><\/div><div class=\"swiper-slide\" role=\"group\" aria-roledescription=\"slide\" aria-label=\"2 de 6\"><figure class=\"swiper-slide-inner\"><img decoding=\"async\" class=\"swiper-slide-image\" src=\"https:\/\/lealbsb.com.br\/wp-content\/uploads\/2024\/12\/WhatsApp-Image-2024-11-29-at-16.04.33-150x150.jpeg\" alt=\"WhatsApp Image 2024-11-29 at 16.04.33\" \/><\/figure><\/div><div class=\"swiper-slide\" role=\"group\" aria-roledescription=\"slide\" aria-label=\"3 de 6\"><figure class=\"swiper-slide-inner\"><img decoding=\"async\" class=\"swiper-slide-image\" src=\"https:\/\/lealbsb.com.br\/wp-content\/uploads\/2024\/12\/WhatsApp-Image-2024-11-29-at-16.04.34-1-150x150.jpeg\" alt=\"WhatsApp Image 2024-11-29 at 16.04.34 (1)\" \/><\/figure><\/div><div class=\"swiper-slide\" role=\"group\" aria-roledescription=\"slide\" aria-label=\"4 de 6\"><figure class=\"swiper-slide-inner\"><img decoding=\"async\" class=\"swiper-slide-image\" src=\"https:\/\/lealbsb.com.br\/wp-content\/uploads\/2024\/12\/WhatsApp-Image-2024-11-29-at-16.04.34-150x150.jpeg\" alt=\"WhatsApp Image 2024-11-29 at 16.04.34\" \/><\/figure><\/div><div class=\"swiper-slide\" role=\"group\" aria-roledescription=\"slide\" aria-label=\"5 de 6\"><figure class=\"swiper-slide-inner\"><img decoding=\"async\" class=\"swiper-slide-image\" src=\"https:\/\/lealbsb.com.br\/wp-content\/uploads\/2024\/12\/WhatsApp-Image-2024-11-29-at-16.04.35-1-150x150.jpeg\" alt=\"WhatsApp Image 2024-11-29 at 16.04.35 (1)\" \/><\/figure><\/div><div class=\"swiper-slide\" role=\"group\" aria-roledescription=\"slide\" aria-label=\"6 de 6\"><figure class=\"swiper-slide-inner\"><img decoding=\"async\" class=\"swiper-slide-image\" src=\"https:\/\/lealbsb.com.br\/wp-content\/uploads\/2024\/12\/WhatsApp-Image-2024-11-29-at-16.04.35-150x150.jpeg\" alt=\"WhatsApp Image 2024-11-29 at 16.04.35\" \/><\/figure><\/div>\t\t\t<\/div>\n\t\t\t\t\t\t\t\t\t\t\t\t<div class=\"elementor-swiper-button elementor-swiper-button-prev\" role=\"button\" tabindex=\"0\">\n\t\t\t\t\t\t<svg aria-hidden=\"true\" class=\"e-font-icon-svg e-eicon-chevron-left\" viewBox=\"0 0 1000 1000\" xmlns=\"http:\/\/www.w3.org\/2000\/svg\"><path d=\"M646 125C629 125 613 133 604 142L308 442C296 454 292 471 292 487 292 504 296 521 308 533L604 854C617 867 629 875 646 875 663 875 679 871 692 858 704 846 713 829 713 812 713 796 708 779 692 767L438 487 692 225C700 217 708 204 708 187 708 171 704 154 692 142 675 129 663 125 646 125Z\"><\/path><\/svg>\t\t\t\t\t<\/div>\n\t\t\t\t\t<div class=\"elementor-swiper-button elementor-swiper-button-next\" role=\"button\" tabindex=\"0\">\n\t\t\t\t\t\t<svg aria-hidden=\"true\" class=\"e-font-icon-svg e-eicon-chevron-right\" viewBox=\"0 0 1000 1000\" xmlns=\"http:\/\/www.w3.org\/2000\/svg\"><path d=\"M696 533C708 521 713 504 713 487 713 471 708 454 696 446L400 146C388 133 375 125 354 125 338 125 325 129 313 142 300 154 292 171 292 187 292 204 296 221 308 233L563 492 304 771C292 783 288 800 288 817 288 833 296 850 308 863 321 871 338 875 354 875 371 875 388 867 400 854L696 533Z\"><\/path><\/svg>\t\t\t\t\t<\/div>\n\t\t\t\t\n\t\t\t\t\t\t\t\t\t<div class=\"swiper-pagination\"><\/div>\n\t\t\t\t\t\t\t\t\t<\/div>\n\t\t\t\t\t\t<\/div>\n\t\t\t\t<\/div>\n\t\t\t\t<\/div>\n\t\t\t\t\t<\/div>\n\t\t\t\t<\/div>\n\t\t\t\t<\/div>\n\t\t","protected":false},"excerpt":{"rendered":"<p>Dificuldades financeiras? O que podemos fazer por voc\u00ea hoje? A Leal Assessoria \u00e9 reconhecida por sua excel\u00eancia na recupera\u00e7\u00e3o de cr\u00e9dito, atuando com \u00e9tica e resultados desde 1981. Al\u00e9m dessa especialidade, expandimos nossa atua\u00e7\u00e3o para oferecer solu\u00e7\u00f5es financeiras exclusivas em parceria com o Mercado Pago. Fale conosco Negocie agora Nossos parceiros Marcas que confiam em [&hellip;]<\/p>\n","protected":false},"author":1,"featured_media":78,"parent":0,"menu_order":0,"comment_status":"closed","ping_status":"closed","template":"elementor_header_footer","meta":{"footnotes":""},"class_list":["post-63","page","type-page","status-publish","has-post-thumbnail","hentry"],"_links":{"self":[{"href":"https:\/\/lealbsb.com.br\/index.php?rest_route=\/wp\/v2\/pages\/63","targetHints":{"allow":["GET"]}}],"collection":[{"href":"https:\/\/lealbsb.com.br\/index.php?rest_route=\/wp\/v2\/pages"}],"about":[{"href":"https:\/\/lealbsb.com.br\/index.php?rest_route=\/wp\/v2\/types\/page"}],"author":[{"embeddable":true,"href":"https:\/\/lealbsb.com.br\/index.php?rest_route=\/wp\/v2\/users\/1"}],"replies":[{"embeddable":true,"href":"https:\/\/lealbsb.com.br\/index.php?rest_route=%2Fwp%2Fv2%2Fcomments&post=63"}],"version-history":[{"count":104,"href":"https:\/\/lealbsb.com.br\/index.php?rest_route=\/wp\/v2\/pages\/63\/revisions"}],"predecessor-version":[{"id":397,"href":"https:\/\/lealbsb.com.br\/index.php?rest_route=\/wp\/v2\/pages\/63\/revisions\/397"}],"wp:featuredmedia":[{"embeddable":true,"href":"https:\/\/lealbsb.com.br\/index.php?rest_route=\/wp\/v2\/media\/78"}],"wp:attachment":[{"href":"https:\/\/lealbsb.com.br\/index.php?rest_route=%2Fwp%2Fv2%2Fmedia&parent=63"}],"curies":[{"name":"wp","href":"https:\/\/api.w.org\/{rel}","templated":true}]}}