{"id":241,"date":"2024-12-06T08:30:47","date_gmt":"2024-12-06T11:30:47","guid":{"rendered":"https:\/\/lealbsb.com.br\/?page_id=241"},"modified":"2024-12-09T09:41:55","modified_gmt":"2024-12-09T12:41:55","slug":"privacidade","status":"publish","type":"page","link":"https:\/\/lealbsb.com.br\/?page_id=241","title":{"rendered":"Privacidade"},"content":{"rendered":"\t\t<div data-elementor-type=\"wp-page\" data-elementor-id=\"241\" class=\"elementor elementor-241\" data-elementor-post-type=\"page\">\n\t\t\t\t<div class=\"elementor-element elementor-element-2a59299 e-con-full e-flex e-con e-parent\" data-id=\"2a59299\" data-element_type=\"container\">\n\t\t<div class=\"elementor-element elementor-element-ff31689 e-con-full e-flex e-con e-child\" data-id=\"ff31689\" data-element_type=\"container\">\n\t\t\t\t<div class=\"elementor-element elementor-element-35ee52a elementor-widget elementor-widget-heading\" data-id=\"35ee52a\" data-element_type=\"widget\" data-widget_type=\"heading.default\">\n\t\t\t\t<div class=\"elementor-widget-container\">\n\t\t\t\t\t<h2 class=\"elementor-heading-title elementor-size-default\">LGPD<\/h2>\t\t\t\t<\/div>\n\t\t\t\t<\/div>\n\t\t\t\t<div class=\"elementor-element elementor-element-304e13f elementor-widget elementor-widget-heading\" data-id=\"304e13f\" data-element_type=\"widget\" data-widget_type=\"heading.default\">\n\t\t\t\t<div class=\"elementor-widget-container\">\n\t\t\t\t\t<h2 class=\"elementor-heading-title elementor-size-default\">Seus dados est\u00e3o em seguran\u00e7a conosco<\/h2>\t\t\t\t<\/div>\n\t\t\t\t<\/div>\n\t\t\t\t<div class=\"elementor-element elementor-element-4008ee8 elementor-widget elementor-widget-text-editor\" data-id=\"4008ee8\" data-element_type=\"widget\" data-widget_type=\"text-editor.default\">\n\t\t\t\t<div class=\"elementor-widget-container\">\n\t\t\t\t\t\t\t\t\t<p class=\"p1\">Al\u00e9m de sermos certificados pela <b>ISO 27001<\/b>, que define um conjunto abrangente de requisitos para a gest\u00e3o eficaz da seguran\u00e7a da informa\u00e7\u00e3o, garantimos total conformidade com todos os crit\u00e9rios estabelecidos pela norma. Essa certifica\u00e7\u00e3o \u00e9 um reflexo do nosso comprometimento com a excel\u00eancia, assegurando a prote\u00e7\u00e3o de dados sens\u00edveis e mitigando riscos relacionados \u00e0 seguran\u00e7a da informa\u00e7\u00e3o.<\/p><p class=\"p1\">Paralelamente, seguimos rigorosamente as boas pr\u00e1ticas de seguran\u00e7a, alinhando nossas opera\u00e7\u00f5es \u00e0s exig\u00eancias da <b>LGPD<\/b> (Lei Geral de Prote\u00e7\u00e3o de Dados). Isso significa que adotamos pol\u00edticas e processos robustos para garantir a privacidade, a transpar\u00eancia e o tratamento respons\u00e1vel das informa\u00e7\u00f5es de nossos clientes e parceiros. Nosso objetivo \u00e9 n\u00e3o apenas atender \u00e0s regulamenta\u00e7\u00f5es, mas superar as expectativas em rela\u00e7\u00e3o \u00e0 prote\u00e7\u00e3o e \u00e0 gest\u00e3o de dados, consolidando nossa reputa\u00e7\u00e3o como uma organiza\u00e7\u00e3o confi\u00e1vel e comprometida com a seguran\u00e7a em todos os n\u00edveis.<\/p>\t\t\t\t\t\t\t\t<\/div>\n\t\t\t\t<\/div>\n\t\t\t\t<\/div>\n\t\t<div class=\"elementor-element elementor-element-48432a7 e-con-full e-flex e-con e-child\" data-id=\"48432a7\" data-element_type=\"container\">\n\t\t\t\t<div class=\"elementor-element elementor-element-93b75b9 elementor-widget elementor-widget-image\" data-id=\"93b75b9\" data-element_type=\"widget\" data-widget_type=\"image.default\">\n\t\t\t\t<div class=\"elementor-widget-container\">\n\t\t\t\t\t\t\t\t\t\t\t\t\t\t\t<img fetchpriority=\"high\" decoding=\"async\" width=\"800\" height=\"534\" src=\"https:\/\/lealbsb.com.br\/wp-content\/uploads\/2024\/12\/studio-portrait-young-woman-with-red-hair-1024x683.jpg\" class=\"attachment-large size-large wp-image-161\" alt=\"\" srcset=\"https:\/\/lealbsb.com.br\/wp-content\/uploads\/2024\/12\/studio-portrait-young-woman-with-red-hair-1024x683.jpg 1024w, https:\/\/lealbsb.com.br\/wp-content\/uploads\/2024\/12\/studio-portrait-young-woman-with-red-hair-300x200.jpg 300w, https:\/\/lealbsb.com.br\/wp-content\/uploads\/2024\/12\/studio-portrait-young-woman-with-red-hair-768x512.jpg 768w, https:\/\/lealbsb.com.br\/wp-content\/uploads\/2024\/12\/studio-portrait-young-woman-with-red-hair-1536x1024.jpg 1536w, https:\/\/lealbsb.com.br\/wp-content\/uploads\/2024\/12\/studio-portrait-young-woman-with-red-hair-2048x1365.jpg 2048w\" sizes=\"(max-width: 800px) 100vw, 800px\" \/>\t\t\t\t\t\t\t\t\t\t\t\t\t\t\t<\/div>\n\t\t\t\t<\/div>\n\t\t\t\t<\/div>\n\t\t\t\t<\/div>\n\t\t<div class=\"elementor-element elementor-element-1c33ae0 e-flex e-con-boxed e-con e-parent\" data-id=\"1c33ae0\" data-element_type=\"container\">\n\t\t\t\t\t<div class=\"e-con-inner\">\n\t\t\t\t<div class=\"elementor-element elementor-element-7c1fa69 elementor-widget elementor-widget-spacer\" data-id=\"7c1fa69\" data-element_type=\"widget\" data-widget_type=\"spacer.default\">\n\t\t\t\t<div class=\"elementor-widget-container\">\n\t\t\t\t\t\t\t<div class=\"elementor-spacer\">\n\t\t\t<div class=\"elementor-spacer-inner\"><\/div>\n\t\t<\/div>\n\t\t\t\t\t\t<\/div>\n\t\t\t\t<\/div>\n\t\t\t\t<div class=\"elementor-element elementor-element-d7d1c67 elementor-widget-divider--view-line elementor-widget elementor-widget-divider\" data-id=\"d7d1c67\" data-element_type=\"widget\" data-widget_type=\"divider.default\">\n\t\t\t\t<div class=\"elementor-widget-container\">\n\t\t\t\t\t\t\t<div class=\"elementor-divider\">\n\t\t\t<span class=\"elementor-divider-separator\">\n\t\t\t\t\t\t<\/span>\n\t\t<\/div>\n\t\t\t\t\t\t<\/div>\n\t\t\t\t<\/div>\n\t\t\t\t<div class=\"elementor-element elementor-element-8813701 elementor-widget elementor-widget-heading\" data-id=\"8813701\" data-element_type=\"widget\" data-widget_type=\"heading.default\">\n\t\t\t\t<div class=\"elementor-widget-container\">\n\t\t\t\t\t<h2 class=\"elementor-heading-title elementor-size-default\">Encarregado pelo tratamento de dados pessoais \u2013 DPO<\/h2>\t\t\t\t<\/div>\n\t\t\t\t<\/div>\n\t\t\t\t<div class=\"elementor-element elementor-element-9d07067 elementor-widget elementor-widget-text-editor\" data-id=\"9d07067\" data-element_type=\"widget\" data-widget_type=\"text-editor.default\">\n\t\t\t\t<div class=\"elementor-widget-container\">\n\t\t\t\t\t\t\t\t\t<p>O encarregado pelo tratamento de dados pessoais possui a fun\u00e7\u00e3o de atuar como canal de comunica\u00e7\u00e3o entre institui\u00e7\u00e3o, os titulares dos dados e a Autoridade Nacional de Prote\u00e7\u00e3o de Dados (ANPD).<\/p><p><strong>Encarregado<\/strong><br \/>Antonio Veras<br \/>DPO<\/p><p><strong>Endere\u00e7o<br \/><\/strong>SDN CNB Etapa III Salas 5045\/5047 \u2013 ASA NORTE<br \/>CEP 70077-900 \/ Bras\u00edlia \u2013 DF<\/p><p><strong>Telefone<\/strong><br \/>(61) 3424-6860<\/p><p><strong>E-mail<\/strong><br \/>\u00a0dpo@lealcobra.com.br<\/p><p><strong>Previs\u00e3o legal<\/strong><\/p><p>LGPD, art. 5\u00ba, VIII<\/p><p><strong>Atribui\u00e7\u00f5es<\/strong><\/p><p>Artigo 41, \u00a72\u00ba, da LGPD<br \/><em>I \u2013 aceitar reclama\u00e7\u00f5es e comunica\u00e7\u00f5es dos titulares, prestar esclarecimentos e adotar provid\u00eancias;<\/em><br \/><em>II \u2013 receber comunica\u00e7\u00f5es da autoridade nacional e adotar provid\u00eancias;<\/em><br \/><em>III \u2013 orientar os funcion\u00e1rios e os contratados da entidade a respeito das pr\u00e1ticas a serem tomadas em rela\u00e7\u00e3o \u00e0 prote\u00e7\u00e3o de dados pessoais; e<\/em><br \/><em>IV \u2013 executar as demais atribui\u00e7\u00f5es determinadas pelo controlador ou estabelecidas em normas complementares.<\/em><\/p>\t\t\t\t\t\t\t\t<\/div>\n\t\t\t\t<\/div>\n\t\t\t\t\t<\/div>\n\t\t\t\t<\/div>\n\t\t\t\t<\/div>\n\t\t","protected":false},"excerpt":{"rendered":"<p>LGPD Seus dados est\u00e3o em seguran\u00e7a conosco Al\u00e9m de sermos certificados pela ISO 27001, que define um conjunto abrangente de requisitos para a gest\u00e3o eficaz da seguran\u00e7a da informa\u00e7\u00e3o, garantimos total conformidade com todos os crit\u00e9rios estabelecidos pela norma. Essa certifica\u00e7\u00e3o \u00e9 um reflexo do nosso comprometimento com a excel\u00eancia, assegurando a prote\u00e7\u00e3o de dados [&hellip;]<\/p>\n","protected":false},"author":1,"featured_media":0,"parent":0,"menu_order":0,"comment_status":"closed","ping_status":"closed","template":"","meta":{"footnotes":""},"class_list":["post-241","page","type-page","status-publish","hentry"],"_links":{"self":[{"href":"https:\/\/lealbsb.com.br\/index.php?rest_route=\/wp\/v2\/pages\/241","targetHints":{"allow":["GET"]}}],"collection":[{"href":"https:\/\/lealbsb.com.br\/index.php?rest_route=\/wp\/v2\/pages"}],"about":[{"href":"https:\/\/lealbsb.com.br\/index.php?rest_route=\/wp\/v2\/types\/page"}],"author":[{"embeddable":true,"href":"https:\/\/lealbsb.com.br\/index.php?rest_route=\/wp\/v2\/users\/1"}],"replies":[{"embeddable":true,"href":"https:\/\/lealbsb.com.br\/index.php?rest_route=%2Fwp%2Fv2%2Fcomments&post=241"}],"version-history":[{"count":34,"href":"https:\/\/lealbsb.com.br\/index.php?rest_route=\/wp\/v2\/pages\/241\/revisions"}],"predecessor-version":[{"id":281,"href":"https:\/\/lealbsb.com.br\/index.php?rest_route=\/wp\/v2\/pages\/241\/revisions\/281"}],"wp:attachment":[{"href":"https:\/\/lealbsb.com.br\/index.php?rest_route=%2Fwp%2Fv2%2Fmedia&parent=241"}],"curies":[{"name":"wp","href":"https:\/\/api.w.org\/{rel}","templated":true}]}}